{"id":14687,"date":"2021-09-21T10:02:29","date_gmt":"2021-09-21T08:02:29","guid":{"rendered":"http:\/\/www.felymalaser.sk\/?page_id=14687"},"modified":"2022-04-20T16:28:36","modified_gmt":"2022-04-20T14:28:36","slug":"litho-evo","status":"publish","type":"page","link":"https:\/\/www.felymalaser.sk\/index.php\/litho-evo\/","title":{"rendered":"Litho Evo"},"content":{"rendered":"<div class=\"fusion-fullwidth fullwidth-box fusion-builder-row-1 fusion-flex-container nonhundred-percent-fullwidth non-hundred-percent-height-scrolling\" style=\"--awb-border-radius-top-left:0px;--awb-border-radius-top-right:0px;--awb-border-radius-bottom-right:0px;--awb-border-radius-bottom-left:0px;--awb-flex-wrap:wrap;\" ><div class=\"fusion-builder-row fusion-row fusion-flex-align-items-flex-start fusion-flex-content-wrap\" style=\"max-width:1216.8px;margin-left: calc(-4% \/ 2 );margin-right: calc(-4% \/ 2 );\"><div class=\"fusion-layout-column fusion_builder_column fusion-builder-column-0 fusion_builder_column_2_3 2_3 fusion-flex-column\" style=\"--awb-bg-size:cover;--awb-width-large:66.666666666667%;--awb-margin-top-large:0px;--awb-spacing-right-large:3.84%;--awb-margin-bottom-large:0px;--awb-spacing-left-large:2.88%;--awb-width-medium:66.666666666667%;--awb-spacing-right-medium:3.84%;--awb-spacing-left-medium:2.88%;--awb-width-small:100%;--awb-spacing-right-small:1.92%;--awb-spacing-left-small:1.92%;\"><div class=\"fusion-column-wrapper fusion-flex-justify-content-flex-start fusion-content-layout-column\"><div class=\"fusion-title title fusion-title-1 fusion-sep-none fusion-title-text fusion-title-size-one\"><h1 class=\"fusion-title-heading title-heading-left\" style=\"margin:0;\">Litho EVO<\/h1><\/div><div class=\"fusion-text fusion-text-1\" style=\"--awb-text-transform:none;\"><p style=\"text-align: justify;\">Nov\u00e9 laser <strong>Litho EVO<\/strong> predstavuje evol\u00faciu n\u00edzkoenergetickej rady Holmium (Litho) spolo\u010dnosti Quanta System, ktor\u00fd zlep\u0161uje v\u00fdkon jeho predchodcov a prid\u00e1va niektor\u00e9 <strong>inov\u00e1cie, ktor\u00e9 boli ned\u00e1vno predstaven\u00e9 v na\u0161ej vysoko v\u00fdkonnej rade Holmium.<\/strong><\/p>\n<p style=\"text-align: justify;\">Litho EVO je navrhnut\u00fd tak, aby bol v\u0161estrannej\u0161\u00ed v litotripsii a \u00a0 chirurgii m\u00e4kk\u00fdch tkan\u00edv. U\u017e\u00edvate\u013e m\u00e1 mo\u017enos\u0165 by\u0165 veden\u00fd pri v\u00fdbere emisn\u00fdch parametrov, uklada\u0165 si svoje ob\u013e\u00faben\u00e9 nastavenia a okam\u017eite prep\u00edna\u0165 medzi r\u00f4znymi nastaveniami v\u010faka dvojit\u00e9mu no\u017en\u00e9mu sp\u00edna\u010du. Pou\u017eitie technol\u00f3gie <strong>MasterPULSE<\/strong> a <strong>Vapor Tunnel\u00ae<\/strong> umo\u017e\u0148uje pou\u017eitie \u00a0pokro\u010dil\u00fdch nastaven\u00ed.<\/p>\n<h2 style=\"text-align: justify;\">MasterPULSE<\/h2>\n<p style=\"text-align: justify;\">Zn\u00ed\u017eenie retropulzie a \u00faprava rezania tkaniva je jednoduch\u0161ie: namiesto vysk\u00fa\u0161ania viacer\u00fdch r\u00f4znych nastaven\u00ed za\u010dnite s preferovan\u00fdmi a potom upravte MasterPULSE tak, aby ste \u00a0na <strong>z\u00e1klade va\u0161ej vizu\u00e1lnej sp\u00e4tnej v\u00e4zby vyladili \u00fa\u010dinok laserovej emisie.<\/strong><\/p>\n<p style=\"text-align: justify;\">Vychutnajte si r\u00fdchle a intuit\u00edvnej\u0161ie \u00fapravy nastaven\u00ed lasera v\u010faka <strong>7 \u00farovniam<\/strong> \u0161\u00edrky impulzu (v porovnan\u00ed s tradi\u010dn\u00fdmi 3 krokmi ostatn\u00fdch holmiov\u00fdch laserov).<\/p>\n<h2 style=\"text-align: justify;\">Vapor Tunnel\u00ae<\/h2>\n<p style=\"text-align: justify;\">Tento emisn\u00fd re\u017eim, pozost\u00e1vaj\u00faci z jedn\u00e9ho \u0161pecifick\u00e9ho dlh\u00e9ho impulzu, umo\u017e\u0148uje <strong>obmedzen\u00fa retropulziu a\u00a0jemn\u00fa abl\u00e1ciu kame\u0148ov. <\/strong>Vapor Tunnel\u00ae je navrhnut\u00fd tak, aby pou\u017e\u00edval minim\u00e1lny \u0161pi\u010dkov\u00fd v\u00fdkon v \u00a0\u00a0 s\u00falade so zvolen\u00fdmi nastaveniami v\u00fdkonu.<\/p>\n<h2 style=\"text-align: justify;\">Vysok\u00fd v\u00fdkon s mal\u00fdmi vl\u00e1knami<\/h2>\n<p style=\"text-align: justify;\">Zariadenie Litho EVO je navrhnut\u00e9 pre <strong>vysok\u00fd v\u00fdkon u\u017e s mal\u00fdmi priemermi \u0161tandardn\u00fdch vl\u00e1kien<\/strong> (umo\u017e\u0148uje takmer pln\u00fd v\u00fdkon aj pri najmen\u0161\u00edch priemeroch vl\u00e1kien). V\u010faka tejto funkcii sa pou\u017e\u00edvate\u013e nemus\u00ed\u00a0 zdr\u017eiava\u0165, aby mal s\u00fa\u010dasne flexibilitu vl\u00e1kien a vysok\u00fd emisn\u00fd v\u00fdkon.<\/p>\n<h2 style=\"text-align: justify;\">Sprievodca nastaven\u00edm parametrov<\/h2>\n<p style=\"text-align: justify;\">Quanta System vylep\u0161il u\u017e\u00edvate\u013esk\u00fa pr\u00edvetivos\u0165 tohto syst\u00e9mu s n\u00edzkym v\u00fdkonom pomocou riadenej modality na <strong>automatick\u00fd v\u00fdber spr\u00e1vnych nastaven\u00ed na z\u00e1klade zam\u00fd\u0161\u013ean\u00e9ho o\u0161etrenia.<\/strong> Okrem litotripsie a chirurgie m\u00e4kk\u00fdch tkan\u00edv v urol\u00f3gii je k dispoz\u00edcii vyhraden\u00e1 predvo\u013eba aj na fragment\u00e1ciu \u017el\u010dov\u00fdch kame\u0148ov.<\/p>\n<h2 style=\"text-align: justify;\">Dvojit\u00fd no\u017en\u00fd sp\u00edna\u010d<\/h2>\n<p style=\"text-align: justify;\"><strong>Dvojit\u00fd no\u017en\u00fd sp\u00edna\u010d<\/strong> umo\u017e\u0148uje v\u0161estrannos\u0165 chirurgick\u00e9ho z\u00e1kroku t\u00fdm, \u017ee umo\u017e\u0148uje chirurgovi okam\u017eite prejs\u0165 z jedn\u00e9ho lie\u010debn\u00e9ho re\u017eimu do druh\u00e9ho namiesto toho, aby po\u017eiadal sestru o \u00fapravu nastaven\u00ed.<\/p>\n<p style=\"text-align: justify;\">U\u017e\u00edvate\u013e m\u00f4\u017ee napr\u00edklad prejs\u0165 z fragment\u00e1cie na popcorning alebo z rezu na koagula\u010dn\u00e9 re\u017eimy, \u010d\u00edm ur\u00fdchli z\u00e1krok<\/p>\n<h2 style=\"text-align: justify;\">\u0160irok\u00e1 \u0161k\u00e1la vl\u00e1kien<\/h2>\n<p style=\"text-align: justify;\">Ve\u013ek\u00e1 v\u0161estrannos\u0165 v aplik\u00e1ci\u00e1ch vy\u017eaduje <strong>\u0161irok\u00fd sortiment dod\u00e1van\u00fdch vl\u00e1kien<\/strong>. Z tohto d\u00f4vodu je laser Litho EVO kompatibiln\u00fd s r\u00f4znymi priemermi a typmi vl\u00e1kien (200-1 000 \u00b5m).<\/p>\n<p style=\"text-align: justify;\">Okrem \u0161tandardn\u00fdch vl\u00e1kien obsahuje na\u0161e portf\u00f3lio aj \u010fal\u0161ie vl\u00e1knov\u00e9 modely, ako napr\u00edklad <strong>vl\u00e1kno s gu\u013e\u00f4\u010dkov\u00fdm hrotom<\/strong> (pre jednoduch\u0161ie vlo\u017eenie do u\u017e ohnut\u00e9ho uretoskopu).<\/p>\n<h2 style=\"text-align: justify;\">Kompaktn\u00fd dizajn<\/h2>\n<p style=\"text-align: justify;\">N\u00edzka hmotnos\u0165 a kompaktn\u00e1 ve\u017eov\u00e1 kon\u0161trukcia zariadenia <strong>umo\u017e\u0148uj\u00fa \u013eahk\u00fd transport a skladovanie<\/strong> v nemocnici s <strong>obmedzen\u00fdm priestorom potrebn\u00fdm na opera\u010dnej s\u00e1le alebo po\u010das chirurgick\u00e9ho z\u00e1kroku<\/strong>. V\u010faka t\u00fdmto vlastnostiam je laser Litho EVO vhodn\u00fd na pou\u017eitie v r\u00f4znych nemocniciach a na opakovan\u00e9 premiest\u0148ovanie bez ovplyvnenia v\u00fdkonov a stavu zariadenia.<\/p>\n<h2 style=\"text-align: justify;\">\u0160irok\u00e1 \u0161k\u00e1la aplik\u00e1ci\u00ed<\/h2>\n<p style=\"text-align: justify;\">Jeho obmedzen\u00e1 h\u013abka prieniku (0,3-0,4 mm) spolu s vlastnos\u0165ami rezu a hemost\u00e1zy tohto \u017eiarenia umo\u017e\u0148uj\u00fa <strong>\u0161irok\u00fa \u0161k\u00e1lu chirurgick\u00fdch z\u00e1krokov<\/strong>. Okrem fragment\u00e1cie kame\u0148ov (uroliti\u00e1za, \u017el\u010dov\u00e9 kamene) a urologick\u00e9ho o\u0161etrenia (napr. Strikt\u00fary, resekcia n\u00e1doru) m\u00f4\u017ee pr\u00edstroj Litho EVO vykon\u00e1va\u0165 \u00fa\u010dinn\u00fa oper\u00e1ciu m\u00e4kk\u00fdch tkan\u00edv aj v in\u00fdch lek\u00e1rskych odboroch vr\u00e1tane v\u0161eobecnej chirurgie, artroskopie a ORL.<\/p>\n<\/div><\/div><\/div><div class=\"fusion-layout-column fusion_builder_column fusion-builder-column-1 fusion_builder_column_1_3 1_3 fusion-flex-column\" style=\"--awb-bg-size:cover;--awb-width-large:33.333333333333%;--awb-margin-top-large:0px;--awb-spacing-right-large:5.76%;--awb-margin-bottom-large:20px;--awb-spacing-left-large:3.84%;--awb-width-medium:33.333333333333%;--awb-order-medium:0;--awb-spacing-right-medium:5.76%;--awb-spacing-left-medium:3.84%;--awb-width-small:100%;--awb-order-small:0;--awb-spacing-right-small:1.92%;--awb-spacing-left-small:1.92%;\"><div class=\"fusion-column-wrapper fusion-column-has-shadow fusion-flex-justify-content-flex-start fusion-content-layout-column\"><div class=\"fusion-image-element \" style=\"--awb-aspect-ratio:1 \/ 1;--awb-caption-title-font-family:var(--h2_typography-font-family);--awb-caption-title-font-weight:var(--h2_typography-font-weight);--awb-caption-title-font-style:var(--h2_typography-font-style);--awb-caption-title-size:var(--h2_typography-font-size);--awb-caption-title-transform:var(--h2_typography-text-transform);--awb-caption-title-line-height:var(--h2_typography-line-height);--awb-caption-title-letter-spacing:var(--h2_typography-letter-spacing);\"><span class=\" fusion-imageframe imageframe-none imageframe-1 hover-type-none has-aspect-ratio\"><a href=\"https:\/\/www.felymalaser.sk\/wp-content\/uploads\/2021\/09\/quanta-litho-evo.jpg\" class=\"fusion-lightbox\" data-rel=\"iLightbox[dc4d1f1941260f4e7c6]\" data-title=\"quanta-litho-evo\" title=\"quanta-litho-evo\"><img decoding=\"async\" width=\"1024\" height=\"768\" alt=\"litho evo\" src=\"https:\/\/www.felymalaser.sk\/wp-content\/uploads\/2021\/09\/quanta-litho-evo.jpg\" class=\"img-responsive wp-image-14689 img-with-aspect-ratio\" srcset=\"https:\/\/www.felymalaser.sk\/wp-content\/uploads\/2021\/09\/quanta-litho-evo-200x150.jpg 200w, https:\/\/www.felymalaser.sk\/wp-content\/uploads\/2021\/09\/quanta-litho-evo-400x300.jpg 400w, https:\/\/www.felymalaser.sk\/wp-content\/uploads\/2021\/09\/quanta-litho-evo-600x450.jpg 600w, https:\/\/www.felymalaser.sk\/wp-content\/uploads\/2021\/09\/quanta-litho-evo-800x600.jpg 800w, https:\/\/www.felymalaser.sk\/wp-content\/uploads\/2021\/09\/quanta-litho-evo.jpg 1024w\" sizes=\"(max-width: 640px) 100vw, 1024px\" \/><\/a><\/span><\/div><div class=\"fusion-separator fusion-full-width-sep\" style=\"align-self: center;margin-left: auto;margin-right: auto;margin-bottom:20px;width:100%;\"><\/div><div class=\"fusion-text fusion-text-2\" style=\"--awb-text-transform:none;\"><h2 style=\"text-align: center;\"><a href=\"https:\/\/www.felymalaser.sk\/wp-content\/uploads\/2021\/09\/Litho_Evo_rev002_ROTW_LD.pdf\" target=\"_blank\" rel=\"noopener\">PRODUKTOV\u00dd LIST<\/a><\/h2>\n<\/div><\/div><\/div><\/div><\/div>\n","protected":false},"excerpt":{"rendered":"","protected":false},"author":1,"featured_media":0,"parent":0,"menu_order":0,"comment_status":"closed","ping_status":"closed","template":"","meta":{"footnotes":""},"class_list":["post-14687","page","type-page","status-publish","hentry"],"_links":{"self":[{"href":"https:\/\/www.felymalaser.sk\/index.php\/wp-json\/wp\/v2\/pages\/14687","targetHints":{"allow":["GET"]}}],"collection":[{"href":"https:\/\/www.felymalaser.sk\/index.php\/wp-json\/wp\/v2\/pages"}],"about":[{"href":"https:\/\/www.felymalaser.sk\/index.php\/wp-json\/wp\/v2\/types\/page"}],"author":[{"embeddable":true,"href":"https:\/\/www.felymalaser.sk\/index.php\/wp-json\/wp\/v2\/users\/1"}],"replies":[{"embeddable":true,"href":"https:\/\/www.felymalaser.sk\/index.php\/wp-json\/wp\/v2\/comments?post=14687"}],"version-history":[{"count":23,"href":"https:\/\/www.felymalaser.sk\/index.php\/wp-json\/wp\/v2\/pages\/14687\/revisions"}],"predecessor-version":[{"id":15054,"href":"https:\/\/www.felymalaser.sk\/index.php\/wp-json\/wp\/v2\/pages\/14687\/revisions\/15054"}],"wp:attachment":[{"href":"https:\/\/www.felymalaser.sk\/index.php\/wp-json\/wp\/v2\/media?parent=14687"}],"curies":[{"name":"wp","href":"https:\/\/api.w.org\/{rel}","templated":true}]}}