{"id":14443,"date":"2018-11-19T14:40:50","date_gmt":"2018-11-19T13:40:50","guid":{"rendered":"http:\/\/www.felymalaser.sk\/?page_id=14443"},"modified":"2022-04-07T09:17:53","modified_gmt":"2022-04-07T07:17:53","slug":"laser-cyber-ho-100","status":"publish","type":"page","link":"https:\/\/www.felymalaser.sk\/index.php\/laser-cyber-ho-100\/","title":{"rendered":"Laser Cyber Ho 100"},"content":{"rendered":"<div class=\"fusion-fullwidth fullwidth-box fusion-builder-row-1 fusion-flex-container nonhundred-percent-fullwidth non-hundred-percent-height-scrolling\" style=\"--awb-background-position:left top;--awb-border-radius-top-left:0px;--awb-border-radius-top-right:0px;--awb-border-radius-bottom-right:0px;--awb-border-radius-bottom-left:0px;--awb-padding-top:20px;--awb-padding-bottom:20px;--awb-border-sizes-top:0px;--awb-border-sizes-bottom:0px;--awb-flex-wrap:wrap;\" ><div class=\"fusion-builder-row fusion-row fusion-flex-align-items-flex-start fusion-flex-content-wrap\" style=\"max-width:1216.8px;margin-left: calc(-4% \/ 2 );margin-right: calc(-4% \/ 2 );\"><div class=\"fusion-layout-column fusion_builder_column fusion-builder-column-0 fusion_builder_column_1_2 1_2 fusion-flex-column\" style=\"--awb-bg-size:cover;--awb-width-large:50%;--awb-margin-top-large:0px;--awb-spacing-right-large:3.84%;--awb-margin-bottom-large:20px;--awb-spacing-left-large:3.84%;--awb-width-medium:50%;--awb-spacing-right-medium:3.84%;--awb-spacing-left-medium:3.84%;--awb-width-small:100%;--awb-spacing-right-small:1.92%;--awb-spacing-left-small:1.92%;\"><div class=\"fusion-column-wrapper fusion-flex-justify-content-flex-start fusion-content-layout-column\"><div class=\"fusion-text fusion-text-1\"><h3>REVOL\u00daCIA V\u00a0LITOTRIPSII<\/h3>\n<p>V\u00fdrobca\u00a0 Quanta System roz\u0161\u00edril svoju ponuku chirurgick\u00fdch laserov na\u00a0 litotripsiu pre najn\u00e1ro\u010dnej\u0161\u00edch z\u00e1kazn\u00edkov, s prvotriednym 100 W Holmiov\u00fdm laserom Cyber \u200b\u200bHo, ktor\u00fd umo\u017e\u0148uje najmodernej\u0161iu met\u00f3du oper\u00e1cie prostaty HoLeP \u2013 Holmium Laser Enucleation of the prostate.<\/p>\n<p>Cyber \u200b\u200bHo je jedine\u010dn\u00e1 viac\u00fa\u010delov\u00e1 laserov\u00e1 platforma, ur\u010den\u00e1 na\u00a0 vykon\u00e1vanie litotrypsie aj HoLEP. Cyber \u200b\u200bHo prin\u00e1\u0161a \u0161pi\u010dkov\u00e9 inov\u00e1cie t\u00fdm, \u017ee pon\u00faka exkluz\u00edvnu MasterPULSE \u2013 technol\u00f3giu na riadenie pulzn\u00e9ho re\u017eimu, energie pulzu a\u00a0maxim\u00e1lnej frekvencie opakovania pulzu \u00a0(a\u017e do 80 Hz) s\u00a0priemern\u00fdm v\u00fdkonom a\u017e 105W. Tieto prelomov\u00e9 v\u00fdhody sa sp\u00e1jaj\u00fa s vynikaj\u00facou kvalitou a spo\u013eahlivos\u0165ou zna\u010dky Quanta System.<\/p>\n<p>HoLEP (Holmium laserov\u00e1 enukle\u00e1cia prostaty) takmer nahradil TURP v BPH lie\u010dbe. V\u010faka svojej vy\u0161\u0161ej frekvencii a dvojit\u00e9mu no\u017en\u00e9mu sp\u00edna\u010du poskytuje HoLEP s Cyber \u200b\u200bHo vynikaj\u00face v\u00fdsledky z h\u013eadiska dlhodobej \u00fa\u010dinnosti, bezpe\u010dnosti, hemost\u00e1zy a r\u00fdchleho zotavenia. Cyber \u200b\u200bHo bol navrhnut\u00fd pre t\u00fdch, ktor\u00ed sa sna\u017eia n\u00e1js\u0165 syst\u00e9m, ktor\u00fd dok\u00e1\u017ee efekt\u00edvne vykon\u00e1va\u0165, ako lie\u010dbu\u00a0 BPH, tak aj\u00a0 odstr\u00e1nenie kame\u0148ov, s vynikaj\u00facimi v\u00fdsledkami pri lie\u010den\u00ed mo\u010dov\u00fdch karcin\u00f3mov a strikt\u00far.<\/p>\n<p>Vyu\u017eite v\u00e4\u010d\u0161ie rozsahy parametrov nastavenia lasera, pokia\u013e ide o frekvenciu a pulzn\u00fa energiu, \u010d\u00edm je mo\u017en\u00e9 roz\u0161\u00edri\u0165 v\u00fdber lie\u010dby a prisp\u00f4sobenie postupu potreb\u00e1m pacienta. Technol\u00f3gia MasterPULSE prin\u00e1\u0161a revolu\u010dn\u00fd koncept litotripsie t\u00fdm, \u017ee poskytuje \u00fapln\u00fa kontrolu nad retropulziou z kame\u0148ov, vyh\u00fdbanie sa ob\u0165a\u017euj\u00facemu a \u010dasovo n\u00e1ro\u010dn\u00e9mu zachyteniu fragmentov. Vyu\u017eite pokro\u010dil\u00fa litotropsiu s re\u017eimom \u201eVAPOR tunel\u201c \u2013 parn\u00fdch tunelov.<\/p>\n<p>V\u010faka dvojit\u00e9mu no\u017en\u00e9mu sp\u00edna\u010du m\u00f4\u017eete okam\u017eite prepn\u00fa\u0165 z 1000W rezn\u00e9ho re\u017eimu do koagula\u010dn\u00e9ho re\u017eimu, alebo od Dusting re\u017eimu k tradi\u010dnej fragment\u00e1cii.<\/p>\n<p>Vyberte si tradi\u010dn\u00e9 dlh\u00e9 impulzy Dusting re\u017eimu alebo vyu\u017eite p\u00f4sobiv\u00fa Cyber \u200b\u200bHo frekvenciu 80 Hz na vykon\u00e1vanie High Freqency Dusting re\u017eimu.<\/p>\n<p>Re\u017eimy pre litotripsiu:<\/p>\n<ul>\n<li>Fragment\u00e1cia<\/li>\n<li>Popcorning<\/li>\n<li>Dusting re\u017eim<\/li>\n<li>High Freqency Dusting re\u017eim<\/li>\n<li>Dlh\u00fd pulzn\u00fd \u2013 Vapor tunel *<\/li>\n<li>HoLEP\u00a0 Vapor Tunel<\/li>\n<\/ul>\n<p>BPH \u2013 m\u00e4kk\u00e9 tkaniv\u00e1:<\/p>\n<ul>\n<li>Shockwave Dissection<\/li>\n<li>Presn\u00e9 rezanie laserom<\/li>\n<\/ul>\n<p>Re\u017eim S3 (inteligentn\u00fd v\u00fdber nastaven\u00ed) umo\u017e\u0148uje automatick\u00e9 nastavenia energie d\u013a\u017eky pulzu a\u00a0opakovacej frekvencie lasera pod\u013ea zvolen\u00e9ho re\u017eimu.<\/p>\n<\/div><\/div><\/div><div class=\"fusion-layout-column fusion_builder_column fusion-builder-column-1 fusion_builder_column_1_2 1_2 fusion-flex-column\" style=\"--awb-bg-size:cover;--awb-width-large:50%;--awb-margin-top-large:0px;--awb-spacing-right-large:3.84%;--awb-margin-bottom-large:20px;--awb-spacing-left-large:3.84%;--awb-width-medium:50%;--awb-spacing-right-medium:3.84%;--awb-spacing-left-medium:3.84%;--awb-width-small:100%;--awb-spacing-right-small:1.92%;--awb-spacing-left-small:1.92%;\"><div class=\"fusion-column-wrapper fusion-flex-justify-content-flex-start fusion-content-layout-column\"><div class=\"fusion-image-element \" style=\"text-align:center;--awb-caption-title-font-family:var(--h2_typography-font-family);--awb-caption-title-font-weight:var(--h2_typography-font-weight);--awb-caption-title-font-style:var(--h2_typography-font-style);--awb-caption-title-size:var(--h2_typography-font-size);--awb-caption-title-transform:var(--h2_typography-text-transform);--awb-caption-title-line-height:var(--h2_typography-line-height);--awb-caption-title-letter-spacing:var(--h2_typography-letter-spacing);\"><span class=\" fusion-imageframe imageframe-none imageframe-1 hover-type-none\"><img decoding=\"async\" width=\"1500\" height=\"1500\" title=\"Cyber Ho 100\" src=\"https:\/\/www.felymalaser.sk\/wp-content\/uploads\/2018\/11\/69789-12945381.jpg\" alt class=\"img-responsive wp-image-14444\" srcset=\"https:\/\/www.felymalaser.sk\/wp-content\/uploads\/2018\/11\/69789-12945381-200x200.jpg 200w, https:\/\/www.felymalaser.sk\/wp-content\/uploads\/2018\/11\/69789-12945381-400x400.jpg 400w, https:\/\/www.felymalaser.sk\/wp-content\/uploads\/2018\/11\/69789-12945381-600x600.jpg 600w, https:\/\/www.felymalaser.sk\/wp-content\/uploads\/2018\/11\/69789-12945381-800x800.jpg 800w, https:\/\/www.felymalaser.sk\/wp-content\/uploads\/2018\/11\/69789-12945381-1200x1200.jpg 1200w, https:\/\/www.felymalaser.sk\/wp-content\/uploads\/2018\/11\/69789-12945381.jpg 1500w\" sizes=\"(max-width: 640px) 100vw, 600px\" \/><\/span><\/div><div class=\"fusion-text fusion-text-2\"><p style=\"text-align: center;\"><img decoding=\"async\" class=\"aligncenter size-full wp-image-13062\" src=\"https:\/\/www.felymalaser.sk\/wp-content\/uploads\/2017\/02\/pdf.png\" alt=\"\" width=\"32\" height=\"32\" \/><\/p>\n<p style=\"text-align: center;\"><a href=\"https:\/\/www.felymalaser.sk\/wp-content\/uploads\/2018\/11\/CYBER-HO-100W_rev000_ROTW_LD.pdf\" target=\"_blank\" rel=\"noopener noreferrer\">Cyber Ho 100W<\/a><\/p>\n<\/div><div class=\"fusion-separator fusion-full-width-sep\" style=\"align-self: center;margin-left: auto;margin-right: auto;width:100%;\"><\/div><\/div><\/div><\/div><\/div>\n","protected":false},"excerpt":{"rendered":"","protected":false},"author":1,"featured_media":0,"parent":0,"menu_order":0,"comment_status":"closed","ping_status":"closed","template":"","meta":{"footnotes":""},"class_list":["post-14443","page","type-page","status-publish","hentry"],"_links":{"self":[{"href":"https:\/\/www.felymalaser.sk\/index.php\/wp-json\/wp\/v2\/pages\/14443","targetHints":{"allow":["GET"]}}],"collection":[{"href":"https:\/\/www.felymalaser.sk\/index.php\/wp-json\/wp\/v2\/pages"}],"about":[{"href":"https:\/\/www.felymalaser.sk\/index.php\/wp-json\/wp\/v2\/types\/page"}],"author":[{"embeddable":true,"href":"https:\/\/www.felymalaser.sk\/index.php\/wp-json\/wp\/v2\/users\/1"}],"replies":[{"embeddable":true,"href":"https:\/\/www.felymalaser.sk\/index.php\/wp-json\/wp\/v2\/comments?post=14443"}],"version-history":[{"count":2,"href":"https:\/\/www.felymalaser.sk\/index.php\/wp-json\/wp\/v2\/pages\/14443\/revisions"}],"predecessor-version":[{"id":14889,"href":"https:\/\/www.felymalaser.sk\/index.php\/wp-json\/wp\/v2\/pages\/14443\/revisions\/14889"}],"wp:attachment":[{"href":"https:\/\/www.felymalaser.sk\/index.php\/wp-json\/wp\/v2\/media?parent=14443"}],"curies":[{"name":"wp","href":"https:\/\/api.w.org\/{rel}","templated":true}]}}