{"id":14143,"date":"2017-11-27T12:44:09","date_gmt":"2017-11-27T11:44:09","guid":{"rendered":"http:\/\/www.felymalaser.sk\/?page_id=14143"},"modified":"2022-04-07T09:18:00","modified_gmt":"2022-04-07T07:18:00","slug":"tigf","status":"publish","type":"page","link":"https:\/\/www.felymalaser.sk\/index.php\/inno-tds\/tigf\/","title":{"rendered":"TIGF"},"content":{"rendered":"<div class=\"fusion-fullwidth fullwidth-box fusion-builder-row-1 fusion-flex-container hundred-percent-fullwidth non-hundred-percent-height-scrolling\" style=\"--awb-border-radius-top-left:0px;--awb-border-radius-top-right:0px;--awb-border-radius-bottom-right:0px;--awb-border-radius-bottom-left:0px;--awb-overflow:visible;--awb-flex-wrap:wrap;\" ><div class=\"fusion-builder-row fusion-row fusion-flex-align-items-flex-start fusion-flex-content-wrap\" style=\"width:calc( 100% + 0px ) !important;max-width:calc( 100% + 0px ) !important;margin-left: calc(-0px \/ 2 );margin-right: calc(-0px \/ 2 );\"><div class=\"fusion-layout-column fusion_builder_column fusion-builder-column-0 fusion_builder_column_1_1 1_1 fusion-flex-column\" style=\"--awb-bg-size:cover;--awb-width-large:100%;--awb-margin-top-large:0px;--awb-spacing-right-large:0px;--awb-margin-bottom-large:20px;--awb-spacing-left-large:0px;--awb-width-medium:100%;--awb-spacing-right-medium:0px;--awb-spacing-left-medium:0px;--awb-width-small:100%;--awb-spacing-right-small:0px;--awb-spacing-left-small:0px;\"><div class=\"fusion-column-wrapper fusion-flex-justify-content-flex-start fusion-content-layout-column\"><div class=\"fusion-text fusion-text-1\"><p style=\"letter-spacing: 1px; color: #648d45; font-size: 18px; margin-bottom: 0px; text-align: justify; font-family: Arial Narrow;\">Induk\u010dn\u00e1 terapia prvkov, ktor\u00e9 vyvol\u00e1vaj\u00fa regener\u00e1ciu extracelul\u00e1rneho matrixu.<\/p>\n<p>&nbsp;<\/p>\n<p><strong>Akt\u00edvne zlo\u017eky<\/strong><\/p>\n<p>Kyselina askorbov\u00e1, aminokyseliny, kyselina pyrohroznov\u00e1, glutation, organick\u00fd krem\u00edk<\/p>\n<p><strong>Mechanizmus fungovania<\/strong><\/p>\n<p>Kombin\u00e1cia zlo\u017eiek poskytuje firoblastom materi\u00e1l pre synt\u00e9zu prote\u00ednu a\u00a0taktie\u017e poskytuje zlo\u017eky potrebn\u00e9 k\u00a0jeho spr\u00e1vnemu vytv\u00e1raniu.<\/p>\n<p><strong>Indik\u00e1cie<\/strong><\/p>\n<p>Stimul\u00e1cia rastov\u00fdch faktorov, stimul\u00e1cia synt\u00e9zy prote\u00ednov a\u00a0glykoprote\u00ednu. Dopl\u0148uje in\u00e9 terapie, ktor\u00e9 stimuluj\u00fa synt\u00e9zu rastov\u00fdch faktorov.<\/p>\n<p><strong>Aplik\u00e1cia<\/strong><\/p>\n<ul>\n<li>Klasick\u00fd sp\u00f4sob mezoterapie \u00a0bod po bode, mikro-pupienky<\/li>\n<li>M\u00f4\u017ee by\u0165 aplikovan\u00e1 s\u00a0pou\u017eit\u00edm techniky nappage. Taktie\u017e je mo\u017en\u00e1 aplik\u00e1cia pr\u00edstrojom pre frak\u010dn\u00fa mezoterapiu, alebo dermatorollerom.<\/li>\n<li>Zavedenie pod ko\u017eu: h\u013abka 1-2 mm<\/li>\n<li>Frekvencia medzi sedeniami a\u00a0po\u010det cyklov 1x za 7 dn\u00ed \/ 4 sedenia\/<\/li>\n<\/ul>\n<p><strong>Dom\u00e1ca lie\u010dba<\/strong><\/p>\n<ul>\n<li>O\u0161etrite ple\u0165 s kr\u00e9mom\u00a0 INNO-DERMA Age Rescue C v\u017edy ve\u010der<\/li>\n<li>U\u017e\u00edvajte INNO-CAPS Age Control 4x denne<\/li>\n<\/ul>\n<\/div><\/div><\/div><\/div><\/div>\n","protected":false},"excerpt":{"rendered":"","protected":false},"author":1,"featured_media":0,"parent":14122,"menu_order":0,"comment_status":"closed","ping_status":"closed","template":"","meta":{"footnotes":""},"class_list":["post-14143","page","type-page","status-publish","hentry"],"_links":{"self":[{"href":"https:\/\/www.felymalaser.sk\/index.php\/wp-json\/wp\/v2\/pages\/14143","targetHints":{"allow":["GET"]}}],"collection":[{"href":"https:\/\/www.felymalaser.sk\/index.php\/wp-json\/wp\/v2\/pages"}],"about":[{"href":"https:\/\/www.felymalaser.sk\/index.php\/wp-json\/wp\/v2\/types\/page"}],"author":[{"embeddable":true,"href":"https:\/\/www.felymalaser.sk\/index.php\/wp-json\/wp\/v2\/users\/1"}],"replies":[{"embeddable":true,"href":"https:\/\/www.felymalaser.sk\/index.php\/wp-json\/wp\/v2\/comments?post=14143"}],"version-history":[{"count":4,"href":"https:\/\/www.felymalaser.sk\/index.php\/wp-json\/wp\/v2\/pages\/14143\/revisions"}],"predecessor-version":[{"id":14903,"href":"https:\/\/www.felymalaser.sk\/index.php\/wp-json\/wp\/v2\/pages\/14143\/revisions\/14903"}],"up":[{"embeddable":true,"href":"https:\/\/www.felymalaser.sk\/index.php\/wp-json\/wp\/v2\/pages\/14122"}],"wp:attachment":[{"href":"https:\/\/www.felymalaser.sk\/index.php\/wp-json\/wp\/v2\/media?parent=14143"}],"curies":[{"name":"wp","href":"https:\/\/api.w.org\/{rel}","templated":true}]}}